{"id":761,"date":"2011-03-03T14:42:45","date_gmt":"2011-03-03T14:42:45","guid":{"rendered":"https:\/\/www.wsihosts.com\/caacq\/"},"modified":"2021-08-19T13:16:12","modified_gmt":"2021-08-19T17:16:12","slug":"comite-consultatif","status":"publish","type":"page","link":"https:\/\/www.caacq.ca\/index.php\/comite-consultatif\/","title":{"rendered":"Comit\u00e9 Consultatif"},"content":{"rendered":"<h2 style=\"color: #9e1d21; padding-bottom: 10px; line-height: 28px;\">Bill Bruce<\/h2>\n<p><img decoding=\"async\" class=\"aligncenter\" src=\"\/wp-content\/uploads\/2018\/02\/bill-crop.jpg\" \/><\/p>\n<p style=\"color: #45402c; font-size: 14px; font-family: Arial, Helvetica, sans-serif;\">Bill Bruce s\u2019est joint \u00e0 la ville de Calgary en 1981.  En 2000 il devient directeur des services r\u00e8glementaires et animaliers (Director of Animal and Bylaw services).<\/p>\n<p style=\"color: #45402c; font-size: 14px; font-family: Arial, Helvetica, sans-serif;\">La vision de Bill \u00e9tait de passer de l\u2019application de la r\u00e8glementation \u00e0 la cr\u00e9ation d\u2019une habitude de conformit\u00e9 aux r\u00e8glements de Calgary.<\/p>\n<p style=\"color: #45402c; font-size: 14px; font-family: Arial, Helvetica, sans-serif;\">La priorit\u00e9 a \u00e9t\u00e9 accord\u00e9s aux activit\u00e9s touchant la s\u00e9curit\u00e9 et la sant\u00e9 publique.<\/p>\n<h2 style=\"color: #9e1d21; padding-bottom: 10px; line-height: 28px;\">Toni Andr\u00e9a Belschner<\/h2>\n<p><img decoding=\"async\" src=\"https:\/\/www.caacq.ca\/wp-content\/uploads\/2018\/04\/Toni-Andrea-Belschner.jpg\" \/><\/p>\n<p style=\"color: #45402c; font-size: 14px; font-family: Arial, Helvetica, sans-serif;\">Une avocate et mediateure qui a \u00e9t\u00e9 impliqu\u00e9 dans la cause des animaux pour au del\u00e0 de 20 ans.<\/p>\n<p style=\"color: #45402c; font-size: 14px; font-family: Arial, Helvetica, sans-serif;\">A \u00e9t\u00e9 membre de plusieurs conseils d\u2019administration pour  multiples organismes \u00e0 but non lucratif.<\/p>\n<p style=\"color: #45402c; font-size: 14px; font-family: Arial, Helvetica, sans-serif;\">Est int\u00e9ress\u00e9 dans l\u2019\u00e9thique, les probl\u00e8mes moraux et comment ceux-ci peuvent \u00eatre r\u00e9concili\u00e9 dans un monde en constante \u00e9volution.<\/p>\n<h2 style=\"color: #9e1d21; padding-bottom: 10px; line-height: 28px;\">Darlene Cheechoo<br \/>\n<\/h2>\n<p><img decoding=\"async\" style=\"width: 40%;\" src=\"https:\/\/www.caacq.ca\/wp-content\/uploads\/2018\/04\/Darlene-5.jpg\" \/><\/p>\n<p style=\"color: #45402c; font-size: 14px; font-family: Arial, Helvetica, sans-serif;\">Me Cheechoo \u00e9tait le Chef des Cris de la Premi\u00e8re Nation Waskaganish et anciennemnt la Pr\u00e9sidente du Conseil de Compensation du CREECCO.<\/p>\n<p style=\"color: #45402c; font-size: 14px; font-family: Arial, Helvetica, sans-serif;\">Elle a obtenu un baccalaur\u00e9at des Arts de l\u2019Universit\u00e9 d\u2019Ottawa; un baccalaur\u00e9at en \u00c9ducation de l\u2019Universit\u00e9 Queen\u2019s; des dipl\u00f4mes en droit civil et en Common Law de l\u2019Universit\u00e9 d\u2019Ottawa et une Maitrise en droit \u00e0 SWU* en Californie. <br \/>\n<em>(*SWU (Universit\u00e9 du sud-ouest).<\/em><\/p>\n<p><!-- \n\n<h2 style=\"color: #9e1d21; padding-bottom: 10px; line-height: 28px;\">Denise Loiselle<\/h2>\n\n --><br \/>\n<!-- <img loading=\"lazy\" decoding=\"async\" class=\"aligncenter\" src=\"\/wp-content\/uploads\/2018\/02\/denise-photo.jpg\" width=\"349\" height=\"233\" \/> --><br \/>\n<!-- \n\n<p style=\"font-size:10px;font-style:italic;\">Photo Gracieuset\u00e9 Richard Moisan photographe Mont Saint-Hilaire<\/p>\n\n --><\/p>\n<p><!-- \n\n<p style=\"color: #45402c; font-size: 14px; font-family: Arial, Helvetica, sans-serif;\">Son implication pr\u00e9conise une r\u00e9forme du contr\u00f4le des animaux de compagnie, un service public municipal.  <\/p>\n\n --><\/p>\n<p><!-- \n\n<p style=\"color: #45402c; font-size: 14px; font-family: Arial, Helvetica, sans-serif;\">D\u00e9tentrice d\u2019une maitrise en administration publique, en management municipal (ENAP-2011) et d\u2019une formation \u00e0 la direction g\u00e9n\u00e9rale d\u2019une municipalit\u00e9 (UMQ-2012).<\/p>\n\n --><\/p>\n<p><!-- \n\n<p style=\"color: #45402c; font-size: 14px; font-family: Arial, Helvetica, sans-serif;\">Conseill\u00e8re municipale \u00e0 Mont-Saint-Hilaire (2005-2009) et administratrice sur le R\u00e9seau des \u00c9lues Municipales de la Mont\u00e9r\u00e9gie-Est (2005\u20132013).<\/p>\n\n --><\/p>\n<p><!-- \n\n<p style=\"color: #45402c; font-size: 14px; font-family: Arial, Helvetica, sans-serif;\">Auteure de M\u00e9moires sur les projets de loi no 54 et no 128. <\/p>\n\n --><\/p>\n<p><!-- \n\n<p style=\"color: #45402c; font-size: 14px; font-family: Arial, Helvetica, sans-serif;\">Elle appuie l\u2019implantation d\u2019une nouvelle gouvernance pour une gestion animali\u00e8re exemplaire et une garde responsable des animaux de compagnie.<\/p>\n\n --><\/p>\n","protected":false},"excerpt":{"rendered":"<p>Bill Bruce Bill Bruce s\u2019est joint \u00e0 la ville de Calgary en 1981. En 2000 il devient directeur des services r\u00e8glementaires et animaliers (Director of Animal and Bylaw services). La vision de Bill \u00e9tait de passer de l\u2019application de la &hellip; <a href=\"https:\/\/www.caacq.ca\/index.php\/comite-consultatif\/\">Continue reading <span class=\"meta-nav\">&rarr;<\/span><\/a><\/p>\n","protected":false},"author":2,"featured_media":2020,"parent":0,"menu_order":0,"comment_status":"closed","ping_status":"closed","template":"fr-page.php","meta":{"footnotes":""},"class_list":["post-761","page","type-page","status-publish","has-post-thumbnail","hentry"],"aioseo_notices":[],"_links":{"self":[{"href":"https:\/\/www.caacq.ca\/index.php\/wp-json\/wp\/v2\/pages\/761","targetHints":{"allow":["GET"]}}],"collection":[{"href":"https:\/\/www.caacq.ca\/index.php\/wp-json\/wp\/v2\/pages"}],"about":[{"href":"https:\/\/www.caacq.ca\/index.php\/wp-json\/wp\/v2\/types\/page"}],"author":[{"embeddable":true,"href":"https:\/\/www.caacq.ca\/index.php\/wp-json\/wp\/v2\/users\/2"}],"replies":[{"embeddable":true,"href":"https:\/\/www.caacq.ca\/index.php\/wp-json\/wp\/v2\/comments?post=761"}],"version-history":[{"count":5,"href":"https:\/\/www.caacq.ca\/index.php\/wp-json\/wp\/v2\/pages\/761\/revisions"}],"predecessor-version":[{"id":2205,"href":"https:\/\/www.caacq.ca\/index.php\/wp-json\/wp\/v2\/pages\/761\/revisions\/2205"}],"wp:featuredmedia":[{"embeddable":true,"href":"https:\/\/www.caacq.ca\/index.php\/wp-json\/wp\/v2\/media\/2020"}],"wp:attachment":[{"href":"https:\/\/www.caacq.ca\/index.php\/wp-json\/wp\/v2\/media?parent=761"}],"curies":[{"name":"wp","href":"https:\/\/api.w.org\/{rel}","templated":true}]}}